809876035.
3, 5, 109, 3553441
What are the prime factors of 49780899?
3, 7, 87797
List the prime factors of 13694590.
2, 5, 7, 13, 101, 149
List the prime factors of 237400380.
2, 3, 5, 7, 29, 73, 89
List the prime factors of 4798547013.
3, 13, 123039667
What are the prime factors of 268202334?
2, 3, 167, 267667
What are the prime factors of 27887112?
2, 3, 11, 97
List the prime factors of 71006145.
3, 5, 7, 37, 373
What are the prime factors of 1293731736?
2, 3, 11, 19, 257921
List the prime factors of 3121919363.
37, 199, 424001
What are the prime factors of 509769592?
2, 3361, 18959
List the prime factors of 18835261.
18835261
List the prime factors of 81635618.
2, 197, 207197
What are the prime factors of 141749920?
2, 5, 13, 23, 2963
What are the prime factors of 252498534?
2, 3, 29, 31, 46811
What are the prime factors of 432219807?
3, 5336047
What are the prime factors of 12965544?
2, 3, 180077
List the prime factors of 1651050403.
43, 38396521
List the prime factors of 4975685842.
2, 167, 14897263
List the prime factors of 80382169.
7, 2417, 4751
What are the prime factors of 160459209?
3, 17, 113, 9281
What are the prime factors of 12232041?
3, 4077347
List the prime factors of 139933925.
5, 1231, 4547
List the prime factors of 237210316.
2, 7, 17, 23, 47, 461
What are the prime factors of 4100385053?
23, 178277611
What are the prime factors of 4050320871?
3, 1350106957
What are the prime factors of 7687068069?
3, 157, 16320739
What are the prime factors of 197506?
2, 17, 37, 157
What are the prime factors of 3220846099?
653, 4932383
What are the prime factors of 228753809?
228753809
What are the prime factors of 32302305?
3, 5, 7, 102547
What are the prime factors of 339509390?
2, 5, 11, 1061, 2909
What are the prime factors of 4081832184?
2, 3, 6793, 25037
List the prime factors of 29219406.
2, 3, 151, 32251
List the prime factors of 204861086.
2, 241, 643, 661
What are the prime factors of 4637342940?
2, 3, 5, 1153, 67033
What are the prime factors of 39175785?
3, 5, 11, 23, 31, 37
List the prime factors of 508033669.
11, 13, 47, 269, 281
List the prime factors of 26979272.
2, 17, 198377
List the prime factors of 3974931251.
3974931251
List the prime factors of 549865646.
2, 11, 17, 23, 97, 659
List the prime factors of 161628527.
103, 1569209
List the prime factors of 54213341.
7, 13, 45827
List the prime factors of 161883440.
2, 5, 2023543
List the prime factors of 16132808.
2, 1019, 1979
List the prime factors of 123675344.
2, 13, 647, 919
List the prime factors of 313228929.
3, 13, 31, 509
List the prime factors of 156639633.
3, 1663, 31397
What are the prime factors of 1427290956?
2, 3, 7, 13, 48409
What are the prime factors of 3354111861?
3, 373, 2997419
List the prime factors of 34652026.
2, 61, 439, 647
What are the prime factors of 21677624?
2, 479, 5657
What are the prime factors of 104557024?
2, 11, 13, 73, 313
What are the prime factors of 731142411?
3, 243714137
List the prime factors of 558628081.
11, 4616761
List the prime factors of 64203292.
2, 16050823
What are the prime factors of 989401474?
2, 494700737
List the prime factors of 1388133264.
2, 3, 7, 463, 8923
List the prime factors of 397034082.
2, 3, 17, 432499
What are the prime factors of 24325733?
3581, 6793
List the prime factors of 19708236.
2, 3, 17, 32203
List the prime factors of 151697628.
2, 3, 881, 4783
List the prime factors of 30333501.
3, 11, 109, 937
List the prime factors of 55626275.
5, 2225051
What are the prime factors of 610744442?
2, 7, 11, 359, 11047
List the prime factors of 1654167909.
3, 551389303
What are the prime factors of 2440674407?
2440674407
What are the prime factors of 1010166873?
3, 336722291
What are the prime factors of 1975723?
17, 23, 31, 163
What are the prime factors of 1468850640?
2, 3, 5, 233, 26267
What are the prime factors of 142380149?
73, 241, 8093
What are the prime factors of 5972712343?
13, 459439411
List the prime factors of 845407363.
845407363
List the prime factors of 232849575.
3, 5, 7, 163, 907
What are the prime factors of 2028867769?
139, 14596171
What are the prime factors of 57031563?
3, 19010521
What are the prime factors of 228857681?
13, 17604437
List the prime factors of 113188662.
2, 3, 19, 17419
List the prime factors of 3192650552.
2, 7, 13, 4385509
List the prime factors of 683017915.
5, 61, 107, 20929
List the prime factors of 169906030.
2, 5, 7, 137, 2531
List the prime factors of 26783120.
2, 5, 7, 13, 283
List the prime factors of 295234738.
2, 1277, 115597
List the prime factors of 300578079.
3, 113, 311, 2851
List the prime factors of 1807243900.
2, 5, 7, 11, 19, 1123
List the prime factors of 1167404575.
5, 37, 103, 12253
What are the prime factors of 1721977378?
2, 11, 79, 90071
List the prime factors of 316292725.
5, 7, 1807387
What are the prime factors of 6248981963?
7, 892711709
List the prime factors of 68669944.
2, 7, 163, 7523
List the prime factors of 43329220.
2, 5, 11, 37, 5323
What are the prime factors of 464570054?
2, 13, 23, 97, 8009
List the prime factors of 1505074978.
2, 11, 79, 619, 1399
List the prime factors of 47785426.
2, 13, 37, 3821
List the prime factors of 22653522.
2, 3, 59, 83, 257
List the prime factors of 79418881.
131, 606251
List the prime factors of 743477349.
3, 47, 59, 89371
What are the prime factors of 142623582?
2, 3, 23770597
What are the prime factors of 5905816?
2, 7, 163, 647
What are the prime factors of 93975123?
3, 11, 2847731
List the prime factors of 306264529.
306264529
What are the prime factors of 2592287?
2592287
What are the prime factors of 1399104537?
3, 466368179
What are the prime factors of 4793803951?
21491, 223061
List the prime factors of 47303073.
3, 59, 89083
What are the prime factors of 40365931?
281, 143651
What are the prime factors of 14220934?
2, 7, 13, 78137
List the prime factors of 38448529.
7, 41, 133967
What are the prime factors of 2319742720?
2, 5, 1249, 1451
List the prime factors of 136972748.
2, 11, 19, 59, 2777
List the prime factors of 467979168.
2, 3, 479, 10177
What are the prime factors of 3374408365?
5, 674881673
List the prime factors of 2131980.
2, 3, 5, 35533
List the prime factors of 199861471.
157, 199, 6397
What are the prime factors of 537286373?
13, 181, 228341
What are the prime factors of 819521634?
2, 3, 136586939
What are the prime factors of 634270771?
9791, 64781
List the prime factors of 1534603487.
151, 10162937
What are the prime factors of 1283410093?
7, 487, 376477
List the prime factors of 19432326.
2, 3, 17, 19, 37, 271
List the prime factors of 26117820.
2, 3, 5, 41, 3539
What are the prime factors of 372028808?
2, 241, 192961
What are the prime factors of 90259580?
2, 5, 43, 104953
What are the prime factors of 207695729?
167, 439, 2833
List the prime factors of 176679452.
2, 44169863
What are the prime factors of 317001883?
11, 373, 77261
What are the prime factors of 254803031?
7, 36400433
What are the prime factors of 1913742421?
1913742421
What are the prime factors of 3578555439?
3, 359, 1107569
What are the prime factors of 2494986905?
5, 498997381
What are the prime factors of 693214448?
2, 43325903
What are the prime factors of 63946768?
2, 251, 15923
List the prime factors of 1485479551.
173, 8586587
What are the prime factors of 262254406?
2, 7237, 18119
What are the prime factors of 1127285439?
3, 7, 53680259
List the prime factors of 4678724056.
2, 584840507
List the prime factors of 1222554201.
3, 11, 17, 2179241
List the prime factors of 986166370.
2, 5, 7, 14088091
What are the prime factors of 4467452859?
3, 569, 96931
List the prime factors of 6795657.
3, 11, 29, 263
List the prime factors of 1701962100.
2, 3, 5, 1891069
List the prime factors of 28568188.
2, 11, 649277
What are the prime factors of 83323763?
151, 551813
List the prime factors of 198224507.
13, 977, 15607
What are the prime factors of 1260695742?
2, 3, 210115957
List the prime factors of 77690065.
5, 15538013
List the prime factors of 102819148.
2, 25704787
What are the prime factors of 84972258?
2, 3, 7, 23, 109, 269
List the prime factors of 6187660218.
2, 3, 53, 127, 51071
List the prime factors of 2836121333.
2836121333
What are the prime factors of 2193749444?
2, 41, 13376521
What are 